= 32*s - 10. Calculate p(3).
86
Let m(f) = -f**3 - 17*f**2 - 17*f - 11. What is m(-16)?
5
Let r(a) = -2*a**2 - 3*a - 2. Give r(-3).
-11
Let j(w) = -3*w + 9. What is j(6)?
-9
Let x(k) = k + 6. What is x(-6)?
0
Let l(c) = -c**2 + 105. What is l(10)?
5
Let u(q) = q**2 - 8*q - 10. What is u(8)?
-10
Let w(o) = -3*o + 35. Calculate w(14).
-7
Let m(v) = v**3 + 9*v**2 - 2*v + 15. Determine m(-7).
127
Let a(z) = -8*z**2 + z - 2. What is a(1)?
-9
Let t(l) = -l**3 + 5*l**2 - 3*l + 21. Determine t(5).
6
Let z(k) = k**3 - 4*k**2 - 7*k + 9. Determine z(5).
-1
Let u(n) = -n**3 - 7*n**2 - 3*n - 4. Determine u(-7).
17
Let l(t) = 4*t**3 - t**2 - 1. Give l(2).
27
Let c(r) = 8*r + 205. Give c(-25).
5
Let m(p) = -4*p**2 - 21*p + 12. Give m(-7).
-37
Let n(j) = -2*j**2 + 7*j + 158. Give n(11).
-7
Let w(v) = -v**3 - 4*v**2 + 6*v + 5. Determine w(-4).
-19
Let h(c) = 149*c - 2087. Give h(14).
-1
Let l(o) = -o - 3. Calculate l(-5).
2
Let z(u) = -6*u - 2. What is z(-2)?
10
Let z(h) = -9*h + 15. Give z(8).
-57
Let t(j) = -j**3 - 4*j**2 + 4*j + 24. Calculate t(-6).
72
Let h(v) = v**3 - 3*v**2 + 4*v. What is h(5)?
70
Let m(t) = 2*t**2 + 7*t. Determine m(-7).
49
Let p(s) = -91*s + 461. Calculate p(5).
6
Let h(a) = 2*a + 7. Calculate h(-10).
-13
Let u(n) = -n - 2. Give u(0).
-2
Let f(x) = 20*x - 10. Give f(3).
50
Let h(d) = 4*d + 77. Determine h(-17).
9
Let x(i) = 4*i**2 - 56*i + 47. Determine x(13).
-5
Let n(x) = -3*x**2 - 44*x - 9. Give n(0).
-9
Let u(t) = 42*t + 327. What is u(-8)?
-9
Let v(u) = u**2 + u + 4. Calculate v(4).
24
Let c(r) = r**3 + 17*r**2 - 14*r + 67. Calculate c(-18).
-5
Let w(k) = k**3 - 24*k**2 + 19*k + 49. What is w(23)?
-43
Let v(i) = -68*i + 149. What is v(2)?
13
Let y(w) = w**3 + 16*w**2 + 26*w - 19. Determine y(-14).
9
Let m(k) = 6*k + 19. Calculate m(0).
19
Let i(n) = -n**2 - 30*n - 149. What is i(-17)?
72
Let u(m) = 2*m. Give u(7).
14
Let h(f) = 2*f**3 + 4*f**2 - 2*f - 3. Give h(-3).
-15
Let g(n) = -n + 17. Give g(20).
-3
Let x(d) = -d**2 - 12*d + 12. Calculate x(-14).
-16
Let d(b) = -34*b**2 - 26*b + 25. Give d(1).
-35
Let q(b) = -b**2 - 22*b - 67. What is q(-14)?
45
Let h(l) = -l + 1. Give h(-1).
2
Let p(x) = -x**3 - 6*x**2 + 5*x. Determine p(-7).
14
Let c(b) = -b**3 - 3*b**2 + 7*b + 5. What is c(-4)?
-7
Let i(l) = -9*l + 381. What is i(41)?
12
Let n(d) = -d**3 + 7*d**2 + 11*d - 1. Give n(8).
23
Let s(g) = -2*g**2 - g + 8. Calculate s(2).
-2
Let w(l) = -l**3 - 5*l**2 + l - 7. Determine w(-6).
23
Let i(d) = d**2 + 16*d - 14. Give i(-15).
-29
Let u(n) = 24*n**2 - 71*n - 3. What is u(3)?
0
Let i(c) = c**2 + 4*c - 15. Calculate i(-7).
6
Let i(x) = x**2 - 6*x - 2385. Give i(52).
7
Let b(l) = -l**2 + 19*l - 11. What is b(7)?
73
Let w(d) = 2*d**2 - 5*d + 4. Give w(3).
7
Let b(i) = -10*i**2 + 2*i + 3. Calculate b(3).
-81
Let m(o) = 2*o + 58. What is m(-22)?
14
Let v(i) = -14*i - 109. Determine v(-9).
17
Let t(f) = -2*f - 5. What is t(-5)?
5
Let g(x) = x**3 - 19*x**2 - 2*x + 12. Determine g(19).
-26
Let o(f) = -f**3 + 11*f**2 + 14*f - 16. What is o(12)?
8
Let q(z) = 2*z**2 - 6*z - 11. What is q(-2)?
9
Let g(w) = -8*w + 69. What is g(8)?
5
Let l(w) = -20*w + 16. Calculate l(-3).
76
Let n(g) = 2*g**3 + 37*g**2 + 18*g - 33. What is n(-18)?
-33
Let s(b) = b**2 + 19*b + 88. Give s(-9).
-2
Let k(h) = -5*h + 5. Determine k(-11).
60
Let d(o) = -o**3 - 2*o**2 + 2*o - 3. Determine d(-3).
0
Let g(p) = p**3 + 9*p**2 - 11*p - 12. What is g(-10)?
-2
Let y(a) = 34*a - 1330. Determine y(39).
-4
Let x(n) = n - 44. Determine x(16).
-28
Let x(b) = -2*b**3 + 11*b**2 - 13*b - 3. Calculate x(6).
-117
Let x(r) = -r**2 + 54*r + 183. Calculate x(-3).
12
Let m(h) = h**2 + 14*h - 37. What is m(-18)?
35
Let y(x) = -x**3 + 2*x**2 - 17*x + 96. Calculate y(4).
-4
Let a(h) = 8*h + 43. What is a(-5)?
3
Let z(q) = q**2 - 12*q + 32. Give z(7).
-3
Let a(i) = i**3 - 2*i**2 + 3*i - 5. Calculate a(3).
13
Let w(c) = c**3 + 9*c**2 + 4*c - 30. Give w(-8).
2
Let i(a) = 54*a - 670. Calculate i(13).
32
Let o(d) = d**3 + 7*d**2 - 10*d - 21. What is o(-8)?
-5
Let g(o) = o**2 + 18*o - 50. Give g(-21).
13
Let i(r) = 2*r**3 + 3*r**2 - 9*r - 7. Determine i(-4).
-51
Let k(i) = -i**2 + 13*i - 23. Give k(10).
7
Let z(i) = 4*i**2 + i - 4. Determine z(-2).
10
Let k(w) = w**3 - 4*w**2 - 4*w. Give k(5).
5
Let r(t) = 4*t + 5. What is r(5)?
25
Let t(d) = -d**3 + 15*d**2 - 29*d + 36. Calculate t(13).
-3
Let y(a) = -a**3 - a**2 - a + 5. Calculate y(0).
5
Let k(g) = 2*g**2 - 5. What is k(3)?
13
Let m(c) = -c**2 + 52*c - 235. Give m(47).
0
Let q(g) = 28*g**2 + 10*g + 9. Give q(-1).
27
Let t(v) = -8*v - 37. Determine t(-4).
-5
Let z(d) = 2*d**3 - 3*d**2 - 3*d + 11. What is z(2)?
9
Let r(j) = -j**3 - j**2 + 1. What is r(1)?
-1
Let d(s) = s**3 + 37*s**2 + 105*s + 106. Give d(-34).
4
Let l(m) = -18*m - 15. Determine l(-5).
75
Let z(d) = -d**2 - d - 18. Give z(0).
-18
Let z(w) = -w**2 - 12*w + 19. What is z(-14)?
-9
Let p(l) = -l**3 - 21*l**2 - 21*l - 16. Give p(-20).
4
Let d(c) = -c**2 + 3*c - 14. Calculate d(0).
-14
Let t(b) = b**3 - 6*b**2 - b - 13. What is t(7)?
29
Let r(z) = -2*z + 8. What is r(0)?
8
Let r(i) = -5*i - 1. Determine r(-6).
29
Let g(v) = -21*v**3 - 2*v**2 + 7*v - 7. Determine g(2).
-169
Let w(d) = 2*d**2 + 5*d + 12. Determine w(-3).
15
Let f(m) = 2*m**3 - 12*m**2 + 17*m - 6. Determine f(7).
211
Let s(b) = b**3 - 14*b**2 - b + 6. Determine s(14).
-8
Let t(z) = -z**2 - 4*z + 1. Give t(-4).
1
Let m(s) = -s**3 + 18*s**2 + 39*s + 24. Calculate m(20).
4
Let f(i) = i - 9. Calculate f(13).
4
Let w(u) = u**3 - 6*u**2 + 5*u + 4. Give w(5).
4
Let c(v) = -73*v. Determine c(1).
-73
Let q(i) = -13*i - 75. What is q(-5)?
-10
Let u(w) = 8*w - 108. Determine u(17).
28
Let w(r) = -3*r**2 - 18*r - 30. Determine w(-5).
-15
Let p(l) = 8*l**2 - 2*l - 8. What is p(4)?
112
Let k(i) = i**3 + 4*i**2 + 7*i + 16. Give k(-4).
-12
Let p(z) = 15*z - 49. Give p(6).
41
Let s(o) = o**3 + o**2 + 1. What is s(0)?
1
Let v(j) = 24*j**2 + 2*j + 3. Calculate v(-1).
25
Let k(b) = b**3 - 10*b**2 + 2*b - 17. Determine k(10).
3
Let u(w) = 2*w**3 - 24*w**2 - w + 24. Calculate u(12).
12
Let d(p) = -3*p**3 + 5*p**2 + 3*p - 3. What is d(3)?
-30
Let k(q) = -8*q - 194. Calculate k(-23).
-10
Let i(y) = y**3 - 3*y**2 - 4*y + 1. What is i(3)?
-11
Let o(r) = -10*r - 80. What is o(-9)?
10
Let u(i) = 5*i**2 - 11*i + 3. Determine u(3).
15
Let x(u) = 14*u - 256. Calculate x(21).
38
Let v(r) = -2*r**2 + 110*r - 320. Determine v(3).
-8
Let w(x) = -x**3 + 10*x**2 - 6. Determine w(10).
-6
Let p(z) = 2*z**2 + 10*z - 25. What is p(3)?
23
Let g(i) = -i**2 + 3*i - 28. What is g(7)?
-56
Let j(z) = 15*z - 12. What is j(1)?
3
Let k(l) = 2*l - 2. What is k(4)?
6
Let c(d) = d**3 - 18*d**2 + 12*d - 48. What is c(18)?
168
Let o(b) = -b - 2. Determine o(14).
-16
Let p(u) = 58*u + 239. What is p(-4)?
7
Let j(y) = y**3 - 5*y**2 + 22*y - 107. Calculate j(5).
3
Let i(p) = 6*p**2. What is i(2)?
24
Let q(k) = 26*k**2 + 2*k - 1. Calculate q(1).
27
Let d(b) = 3*b - 27. Calculate d(6).
-9
Let l(u) = 16*u - 95. What is l(14)?
129
Let o(f) = f**3 + 4*f**2 - 11*f. Determine o(-6).
-6
Let g(p) = 36*p**3 + 2*p**2 + 2*p + 1. Calculate g(-1).
-35
Let j(u) = 11*u**2 - 85*u - 11. Calculate j(8).
13
Let g(a) = a**2 - 8*a + 9. Give g(5).
-6
Let d(q) = q**2 - 15*q - 20. Give d(16).
-4
Let p(y) = -3*y + 15. Calculate p(6).
-3
Let o(z) = z**2 - 8*z - 15. What is o(12)?
33
Let r(j) = 16*j - 59. What is r(8)?
69
Let n(t) = -t**2 - 16*t - 41. What is n(-14)?
-13
Let v(h) = -h**2 + 13*h - 8. Calculate v(11).
14
Let b(h) = h**2 + 26*h - 11. Give b(-18).
-155
Let t(r) = -28*r + 5. What is t(2)?
-51
Let b(y) = -y**2 + 28*y + 49. What is b(28)?
49
Let m(n) = 76*n - 229. Calculate m(3).
-1
Let q(t) = -2*t**3 + 18*t**2 - 4*t + 19. Determine q(9).
-17
Let p(z) = -z**2 - 21*z - 38. What is p(-16)?
42
Let v(f) = -f**2 - 11*f - 26. Determine v(-9).
-8
Let i(n) = n**2 - 8*n + 1. Determine i(6).
-11
Let y(f) = f**3 - 11*f**2 + 6*f - 1. Give y(10).
-41
Let o(f) = -f**3 - 3*f**2 - 3*f - 3. Calculate o(-3).
6
Let n(s) = -2*s - 2. Give n(9).
-20
Let a(o) = -o**2 + 25*o - 118. Give a(17).
18
Let b(s) = s - 34. What is b(26)?
-8
Let l(i) = i - 3. Give l(-8).
-11
Let g(b) = -2*b**2 - b - 1. Give g(-3).
-16
Let l(z) = 2*z - 6. Calculate l(6).
6
Let y(j) = j**2 + 46*j - 159. Give y(-49).
-12
Let t(u) = 9*u - 32. Give t